 - t/(-20). Give u(p).
9
Suppose 17*q = 1904 - 544. Let f = 89 - q. Let t(r) = -r**3 + 8*r**2 + 10*r - 1. Let w be t(f). Let y(h) = -h**2 + 7*h + 8. Give y(w).
0
Let q = -6 - -12. Let o(j) be the second derivative of -j**5/60 + j**4/3 - j**3 - 4*j**2 + 2*j. Let i(x) be the first derivative of o(x). Calculate i(q).
6
Let m = 3 - 15. Let l = m + 18. Let v(w) be the second derivative of -w**3/6 + 4*w**2 - 99*w. Calculate v(l).
2
Let h = -26 - -27. Let x(l) = -1 + 0 + l - 1 - h. Let g = 1290 - 1280. Determine x(g).
7
Let t(s) = -59*s - 304. Let r be 5 + ((-1236)/120 - 3/(-10)). Give t(r).
-9
Let r(w) = w**2 + 8*w - 3. Let d = 179 + -130. Suppose 2*o = z - 17, -4*o + z - d = -4*z. What is r(o)?
-15
Let r(k) = -k**3 - 6*k**2 - 6*k - 4. Let o = 10 + -3. Let z(m) = m + 2. Let h(c) = 12*c + 40. Let n(v) = 2*h(v) - 28*z(v). Let l be n(o). Calculate r(l).
-12
Let r(y) = 5*y - 3. Suppose -p - 3*d = -3, -2*p + 3*p - 2*d - 3 = 0. Suppose 4*t - 29 = -p*c, 5*c = t + 3*t - 5. Calculate r(c).
12
Let d(y) be the second derivative of -y**5/60 - y**4/12 + 7*y**3/3 + 87*y**2 + 46*y. Let z(a) be the first derivative of d(a). Calculate z(-6).
-10
Let t = 1642 + -1633. Let u(c) = -c**2 + 7*c - 6. Determine u(t).
-24
Let o be (0 - -5) + (-4)/(-4)*-1. Let n(g) = 3 + 3*g - 2*g**2 - 4*g + g**3 - o + 3*g. Calculate n(1).
0
Let f(c) = c**3 - 8*c**2 - 5*c + 7. Let t(s) = -7*s**3 - 3*s**2 + 15*s + 19. Let j be t(-1). Calculate f(j).
-33
Suppose 42 = 5*o - 173. Let s = o - 39. Let v(t) = -5*t**3 - t**2 + 2*t. Let r(x) = -6*x**3 + 3*x - 1. Let d(m) = s*r(m) - 5*v(m). Determine d(-3).
8
Let b(h) = h - 18. Let d(z) = z**3 - 5*z**2 + 9*z + 4. Let g be d(4). Suppose 0 = 23*p - g*p + 12. Suppose 0 = p*j - 2*j - 2*j. Determine b(j).
-18
Suppose 3*r = 4*n - 5, -2 = 5*n - 18*r + 17*r. Let h(a) = 26*a + 2. What is h(n)?
-24
Let b(h) = -4*h + 3 - 565*h**3 - 2*h**2 + 186*h**3 + 189*h**3 + 194*h**3. Give b(1).
1
Let x(z) = z**2 + 5*z - 8. Suppose -8 = -4*r - 7*c, -76*r + 73*r = 3*c + 3. What is x(r)?
-8
Let t(a) = 117*a**2. Let j(x) = 348*x**2 - 58*x - 19. Let v(y) = j(y) - 3*t(y). Give v(-19).
0
Suppose 0 = 7*o - 12*o. Let i(r) be the first derivative of r**4/4 + r**3/3 + 3*r + 54. Calculate i(o).
3
Let d(q) = 14*q**2 + 117*q - 195. Let r(g) = 9*g**2 + 78*g - 124. Let h(m) = -5*d(m) + 8*r(m). Calculate h(-20).
3
Let j(z) = 887*z + 142. Let s(r) = -962*r - 143. Let c(n) = 13*j(n) + 12*s(n). What is c(11)?
-13
Let o(w) = w**3 - 8*w**2 + 11*w - 7. Let n be (2 + 0)/(777/147 - 5). Determine o(n).
21
Let h(o) be the first derivative of 3*o**2 + 52*o - 1709. Determine h(-8).
4
Let y(d) = d**2 - 3*d - 3. Let g be ((-22)/6)/(15/(-810)). Let o = -194 + g. Give y(o).
1
Let s(y) = -7*y**3 - 15*y**2 + 14*y - 35. Let o(h) = -2*h**3. Let w(l) = 3*o(l) - s(l). What is w(-16)?
3
Suppose -v = 3, -5*b + 7*v - 24 = 5*v. Let h(r) = -130*r - 280. Let d(a) = -18*a - 40. Let t(w) = -22*d(w) + 3*h(w). Calculate t(b).
4
Let q(j) = -7*j**3 + 5*j**2 - 3*j - 3. Let i(b) = 5*b**3 - 5*b**2 + 4*b + 2. Suppose 4*x + 6*x - 30 = 0. Let u(n) = x*q(n) + 4*i(n). Determine u(-5).
-36
Let i be (-198)/(-165)*-3*(-5)/(-6). Let f = 0 + 4. Let b(m) = -m**2 + 4 + 3*m + 2*m - f*m. Give b(i).
-8
Suppose -4*h - 1 = 34*a - 37*a, -h = -3*a - 2. Let g(p) = -5*p**3 - 5*p**2 - 4*p. Calculate g(h).
4
Let l(d) = 5*d**2 - 2 - 2 + d**3 - 3 - 5*d. Suppose -34*k - 20*k = -25*k + 145. What is l(k)?
18
Let l(q) be the first derivative of 1/3*q**3 - 3*q - 195 - 3/2*q**2. Calculate l(5).
7
Suppose -26*i + 1049 + 750 - 551 = 0. Let m(j) = j**3 - 49*j**2 + 49*j - 45. What is m(i)?
3
Let q = -1463 - -1470. Let w(j) = -7*j + 34. Calculate w(q).
-15
Let a(w) = 7*w + 37. Let s(j) = 3*j + 18. Let c be (-2336)/(-384) - 2/24. Let h(v) = c*a(v) - 13*s(v). Calculate h(10).
18
Let x(b) be the third derivative of -b**5/30 - b**4/6 + 17*b**3/6 + 5464*b**2. What is x(-8)?
-79
Let o(n) = -29 + 0*n + n - 35 + n + 65. Give o(-4).
-7
Suppose 5 = -6*v + 3*v - 2*n - 25, 0 = -2*n. Let z(x) = x**3 + 9*x**2 - 2*x + 4. What is z(v)?
-76
Suppose 437 = -8*f + 469. Let k(q) = -18 + 9 - q**2 + f*q + 8. Calculate k(2).
3
Let v be (-5 - (-165)/25)*90/12. Suppose -10*q + v + 18 = 0. Let r(g) = -4*g + 6. What is r(q)?
-6
Let a(j) = -49*j**3 + 15*j**2 - 12*j - 14. Let p(o) = -135*o**3 + 45*o**2 - 36*o - 41. Let t(f) = 11*a(f) - 4*p(f). Give t(14).
-18
Let a = -13161 - -13153. Let x(s) = -2*s**2 - 13*s - 4. Calculate x(a).
-28
Let s(r) = -r**2 + 2*r + 3. Let b be -3 - 6/(12/(-14)). Suppose -1 - 11 = 5*y - i, 4*y + b*i + 24 = 0. Give s(y).
-12
Suppose 4*x - 8*x = -3*k - 3, -5*x + 4*k + 3 = 0. Suppose 0 + 4 = 2*r. Let c(n) = -4*n - 5*n**r - n - 3*n**3 + x*n**3 - n**3 - 2. Give c(-3).
-5
Let o(q) be the second derivative of -q**4/24 - 13*q**3/6 + 10*q**2 + 6*q + 2. Let f(l) be the first derivative of o(l). Suppose c + 5 = -2. What is f(c)?
-6
Let t(r) be the second derivative of -13*r**5/20 - 5*r**4/12 + r**3 - 6112*r. What is t(1)?
-12
Suppose -3*p - 1 = 17. Let g(r) = -2*r - 13. Let a be g(-7). Let w(s) = -8*s - s**2 + 6 - 16 + a. What is w(p)?
3
Let n(h) = -h**3 - 11*h**2 - 8*h + 30. Let b be (-6)/9 + 2 - 1938/171. Determine n(b).
10
Let r(o) = o**2 - 4*o + 3. Suppose 4*j + 24 = 12*j. Let f(d) = 10*d. Let x be f(j). Suppose -6*n = -12*n + x. Determine r(n).
8
Let z(a) = 2*a**2 - 4*a - 1. Suppose 3*p = 6*p + 10*p - 0*p. Calculate z(p).
-1
Let s(i) = -17 + 44*i - 195 - 79*i + 37. Calculate s(-5).
0
Let u(s) be the second derivative of 37*s**3/6 + 90*s**2 + 2214*s + 2. Determine u(-5).
-5
Let o(f) = -2*f - 32. Suppose 28*k + 330 = 18*k - 12*k. Calculate o(k).
-2
Let m(c) = 2*c**2 + 5*c - 1. Let y(v) = 66 - 3*v - 42 + 0 + 62. Let w be y(30). What is m(w)?
11
Suppose -98*k = 1550 - 766. Let s(z) = -27*z - 227. What is s(k)?
-11
Let y be (57/6)/((-205)/30 + 7). Suppose -19*u + 16*u - 4*b - y = 0, -4*u + 5*b - 45 = 0. Let g(x) = x + 16. Give g(u).
1
Let g(c) = 19*c + 45. Let h be g(-2). Let p(w) = 5*w - h - 53 + 26. What is p(6)?
-4
Let c(a) = 34*a**2 + 10*a - 2. Let k(t) = 45*t**2 + 11*t - 2. Let u(m) = 4*c(m) - 3*k(m). Calculate u(-5).
-12
Let f(h) = -21*h + 24. Let b be f(1). Suppose 5*s = -k + 7, k + 7 = b*s + 6. Let i(q) = 3*q**2 - 3*q. Calculate i(k).
6
Let n(j) = -j**3 - 5*j + 6. Suppose 3*b - 9 = -5*r, 0 = 5*b - 4*b - 2*r - 3. Calculate n(b).
-36
Let n(s) = -5*s - 227224*s**2 - 31*s + 29 + 227226*s**2. Calculate n(18).
29
Let s(r) = 9*r + 3. Let v(t) = -39*t - 156. Let y be v(-5). Suppose -14*z = -z + y. What is s(z)?
-24
Let u(v) be the first derivative of -v**3/3 + 11*v**2/2 - 7*v - 7. Let m(b) be the first derivative of u(b). Suppose -16 = -0*p - 2*p. Determine m(p).
-5
Let c(j) = -11 + 27 - 13 + 55 - 13*j + 54. Give c(8).
8
Let n(r) = 7*r - 21. Let g(p) = 59*p - 145. Let l(s) = 3*g(s) - 22*n(s). Give l(4).
119
Let l(k) = -k**2 + 8*k - 9. Let n = 711 - 1218. Let w = n - -515. Calculate l(w).
-9
Let v = -24 + 30. Let c(g) be the first derivative of -g**6/360 + 7*g**5/120 + g**4/8 - g**3/3 + 22*g + 14. Let n(j) be the third derivative of c(j). Give n(v).
9
Let j(i) = -i**2 + 13*i - 6. Let g(b) = 10*b**3 - 7*b**2 + 6. Let w be g(3). Suppose 237 = 2*o + w. Calculate j(o).
6
Let k(a) = a**2 + 2*a + 46. Let r(h) = -h**2 - 2*h - 46. Let s(x) = 6*k(x) + 5*r(x). Let m(i) be the first derivative of s(i). What is m(3)?
8
Suppose -14*d - 1 = -13*d. Let k(i) = 18*i - 7. Let g(q) = 17*q - 10. Let y(x) = 2*g(x) - 3*k(x). Calculate y(d).
21
Let a be (-1)/(-9) + (-7285)/(-45). Suppose -7*c - a = -218. Let v(l) = -l**2 + 9*l - 14. Calculate v(c).
-6
Suppose -2*w + s + 83 = 2*s, 4*w + 4*s - 164 = 0. Let n(y) = 46*y + 4 - 95*y + w*y + 7. What is n(5)?
-24
Let t = -9688 - -9687. Let k(r) be the third derivative of 5*r**4/6 - r**2. Give k(t).
-20
Let y(v) = -2*v - 4. Suppose 48 = -19*a + 90 - 42. Let z(q) = -q. Let t be z(5). Let h = t - a. What is y(h)?
6
Let p(z) = -z**2 + 4*z + 17. Suppose -t = -4*b + 12, 3*t - 28 = -2*b - 2*b. Let f be p(b). Let w = f + -14. Let k(v) = -2*v**2. What is k(w)?
-18
Let r(o) = -2*o - 5. Suppose 5*h + 1 = -5*l + 36, -3*l = -4*h + 7. Determine r(h).
-13
Let t(u) = 4*u + 16. Let a(h) = -9*h - 39. Let b(m) = m + 4. Let q(c) = -a(c) + 2*b(c). Let p(r) = 3*q(r) - 8*t(r). Determine p(-10).
3
Let z(o) = -197 + 3*o - 11*o + o + 35 - 7*o. What is z(-12)?
6
Suppose -5*x - 3*